{"id":98,"date":"2020-11-07T16:30:56","date_gmt":"2020-11-07T19:30:56","guid":{"rendered":"https:\/\/galoamarelo.com\/index.php\/mesmerize\/"},"modified":"2020-11-24T17:16:22","modified_gmt":"2020-11-24T20:16:22","slug":"mesmerize","status":"publish","type":"page","link":"https:\/\/galoamarelo.com\/","title":{"rendered":"Front Page"},"content":{"rendered":"<div  id=\"quem-somos\" class=\"about-images-right-section-mc content-section content-section-spacing full-screen-section\" style=\"background-color: #f5fafd;\" data-label=\"Quem somos\" data-id=\"about-images-right-section-mc\" data-export-id=\"about-images-right-section-mc\" data-bullets-visibility=\"true\" data-category=\"about\">\n<div  class=\"\">\n<div  class=\"row middle-sm text-center\">\n<div  class=\"col-sm-5 content-left-sm\" data-type=\"column\">\n<h2  class=\"\"><span  style=\"font-family: Comic Sans MS, sans-serif;\"><span  style=\"color: #000000;\">Solu\u00e7\u00f5es <\/span><span  style=\"font-weight: bold; font-style: italic; color: #ff0000;\">criativas<\/span> em plantio<\/span><\/h2>\n<p  class=\"\" style=\"text-align: left;\"><span  style=\"font-family: Comic Sans MS, sans-serif;\">Em 2016 nos mudamos para um s\u00edtio e, com a proximidade da aposentadoria, a ideia de uma nova ocupa\u00e7\u00e3o come\u00e7ou a tomar forma em nossas cabe\u00e7as e cora\u00e7\u00f5es. Fazer algo que pudesse nos reconectar com uma nova profiss\u00e3o e ao mesmo tempo atender a demanda das pessoas por uma vida mais saud\u00e1vel. Surgiu, ent\u00e3o, nossa primeira planta\u00e7\u00e3o de maracuj\u00e1, baseada em uma agricultura ecol\u00f3gica, sem utiliza\u00e7\u00e3o de componentes t\u00f3xicos. A partir desta experi\u00eancia, nosso leque de produtos cresceu e passamos a cultivar piment\u00f5es amarelo e vermelho, assim com tomate italiano e pepino japon\u00eas.\nNossos cultivos s\u00e3o em estufa, com controle de adubos e atendendo as normas de agricultura, como a INC 02\/2018 \u2013 ANVISA, que propicia o rastreamento de toda a cadeia produtiva dos produtos vegetais. O rastreamento \u00e9 feito atrav\u00e9s de um QR CODE constante em etiquetas em todas as embalagens dos nossos produtos.<\/span><\/p>\n\n<\/div>\n<div  class=\"col-sm-7 space-bottom-xs\">\n<div  class=\"image-group-side-3-img\"><a href=\"#\" target=\"_self\" rel=\"noopener noreferrer\" data-cp-link=\"1\"><img decoding=\"async\"  class=\"topimg shadow-large\" src=\"https:\/\/galoamarelo.com\/wp-content\/uploads\/2020\/11\/cropped-IMG_20190913_115950-1-scaled-3.jpg\"><\/a> <img decoding=\"async\"  class=\"rightimg shadow-large\" title=\"cropped-IMG_20190516_134229-scaled-1.jpg\" src=\"https:\/\/galoamarelo.com\/wp-content\/uploads\/2020\/11\/cropped-IMG_20190516_134229-scaled-1.jpg\" alt=\"\">\n<div  class=\"leftimg\"><\/div>\n<\/div>\n<\/div>\n<\/div>\n<\/div>\n<\/div><div  id=\"nossos-produtos\" class=\"portfolio-5-mc content-section content-section-spacing section-title-col-white-text bg-color1\" data-label=\"Nossos produtos\" data-id=\"portfolio-5-mc\" data-export-id=\"portfolio-5-mc\" data-category=\"portfolio\">\n<div  class=\"\">\n<div  class=\"row text-center\">\n<div  class=\"section-title-col\" data-type=\"column\">\n<h1  class=\"\"><span  style=\"font-family: Comic Sans MS, sans-serif;\">Produtos<\/span><\/h1>\n<\/div>\n<\/div>\n<div  class=\"row space-bottom spaced-cols content-center-sm\" data-type=\"row\">\n<div  class=\"col-xs-12 col-sm-4 text-center col-md-12\">\n<div  class=\"card no-padding bordered\">\n<div  class=\"contentswap-effect contentswap-overlay\" style=\"float: none; margin: 0; width: 100%;\" data-hover-fx=\"portfolio-6\">\n\n<span  style=\"font-family: Comic Sans MS, sans-serif;\"><img  class=\"alignnone\" alt=\"Tomate Italiano, Piment\u00f5es Coloridos, Pepino Japon\u00eas e Maracuj\u00e1\" data-size=\"500x333\" width=\"719\" height=\"38\"><\/span>\n\n<\/div>\n<\/div>\n<\/div>\n<\/div>\n<div  class=\"row\">\n<div  class=\"col-xs-12 text-center\" style=\"text-align: center;\" data-type=\"column\"><img decoding=\"async\"  loading=\"lazy\" class=\"wp-image-207 aligncenter\" src=\"https:\/\/galoamarelo.com\/wp-content\/uploads\/2020\/11\/fundo-pai_6-1-169x300.png\" sizes=\"auto, (max-width: 240px) 100vw, 240px\" srcset=\"https:\/\/galoamarelo.com\/wp-content\/uploads\/2020\/11\/fundo-pai_6-1-169x300.png 169w, https:\/\/galoamarelo.com\/wp-content\/uploads\/2020\/11\/fundo-pai_6-1-576x1024.png 576w, https:\/\/galoamarelo.com\/wp-content\/uploads\/2020\/11\/fundo-pai_6-1-768x1365.png 768w, https:\/\/galoamarelo.com\/wp-content\/uploads\/2020\/11\/fundo-pai_6-1-864x1536.png 864w, https:\/\/galoamarelo.com\/wp-content\/uploads\/2020\/11\/fundo-pai_6-1-1024x1820.png 1024w, https:\/\/galoamarelo.com\/wp-content\/uploads\/2020\/11\/fundo-pai_6-1-608x1080.png 608w, https:\/\/galoamarelo.com\/wp-content\/uploads\/2020\/11\/fundo-pai_6-1.png 1080w\" alt=\"\" width=\"240\" height=\"426\"><img decoding=\"async\"  loading=\"lazy\" class=\"wp-image-208 aligncenter\" src=\"https:\/\/galoamarelo.com\/wp-content\/uploads\/2020\/11\/fundo-pai_5-169x300.png\" sizes=\"auto, (max-width: 241px) 100vw, 241px\" srcset=\"https:\/\/galoamarelo.com\/wp-content\/uploads\/2020\/11\/fundo-pai_5-169x300.png 169w, https:\/\/galoamarelo.com\/wp-content\/uploads\/2020\/11\/fundo-pai_5-576x1024.png 576w, https:\/\/galoamarelo.com\/wp-content\/uploads\/2020\/11\/fundo-pai_5-768x1365.png 768w, https:\/\/galoamarelo.com\/wp-content\/uploads\/2020\/11\/fundo-pai_5-864x1536.png 864w, https:\/\/galoamarelo.com\/wp-content\/uploads\/2020\/11\/fundo-pai_5-1024x1820.png 1024w, https:\/\/galoamarelo.com\/wp-content\/uploads\/2020\/11\/fundo-pai_5-608x1080.png 608w, https:\/\/galoamarelo.com\/wp-content\/uploads\/2020\/11\/fundo-pai_5.png 1080w\" alt=\"\" width=\"241\" height=\"427\"><\/div>\n<div  class=\"col-xs-12 text-center\" style=\"text-align: center;\" data-type=\"column\"><img decoding=\"async\"  loading=\"lazy\" class=\"wp-image-209 aligncenter\" src=\"https:\/\/galoamarelo.com\/wp-content\/uploads\/2020\/11\/fundo-pai_7-169x300.png\" sizes=\"auto, (max-width: 240px) 100vw, 240px\" srcset=\"https:\/\/galoamarelo.com\/wp-content\/uploads\/2020\/11\/fundo-pai_7-169x300.png 169w, https:\/\/galoamarelo.com\/wp-content\/uploads\/2020\/11\/fundo-pai_7-576x1024.png 576w, https:\/\/galoamarelo.com\/wp-content\/uploads\/2020\/11\/fundo-pai_7-768x1365.png 768w, https:\/\/galoamarelo.com\/wp-content\/uploads\/2020\/11\/fundo-pai_7-864x1536.png 864w, https:\/\/galoamarelo.com\/wp-content\/uploads\/2020\/11\/fundo-pai_7-1024x1820.png 1024w, https:\/\/galoamarelo.com\/wp-content\/uploads\/2020\/11\/fundo-pai_7-608x1080.png 608w, https:\/\/galoamarelo.com\/wp-content\/uploads\/2020\/11\/fundo-pai_7.png 1080w\" alt=\"\" width=\"240\" height=\"426\"><img decoding=\"async\"  loading=\"lazy\" class=\"alignnone wp-image-299\" src=\"https:\/\/galoamarelo.com\/wp-content\/uploads\/2020\/11\/fundo-pai_11-1-169x300.png\" sizes=\"auto, (max-width: 240px) 100vw, 240px\" srcset=\"https:\/\/galoamarelo.com\/wp-content\/uploads\/2020\/11\/fundo-pai_11-1-169x300.png 169w, https:\/\/galoamarelo.com\/wp-content\/uploads\/2020\/11\/fundo-pai_11-1-576x1024.png 576w, https:\/\/galoamarelo.com\/wp-content\/uploads\/2020\/11\/fundo-pai_11-1-768x1365.png 768w, https:\/\/galoamarelo.com\/wp-content\/uploads\/2020\/11\/fundo-pai_11-1-864x1536.png 864w, https:\/\/galoamarelo.com\/wp-content\/uploads\/2020\/11\/fundo-pai_11-1-1024x1820.png 1024w, https:\/\/galoamarelo.com\/wp-content\/uploads\/2020\/11\/fundo-pai_11-1-608x1080.png 608w, https:\/\/galoamarelo.com\/wp-content\/uploads\/2020\/11\/fundo-pai_11-1.png 1080w\" alt=\"\" width=\"240\" height=\"426\"><\/div>\n<\/div>\n<\/div>\n<\/div><div  id=\"contatos\" class=\"contact-1-mc content-section content-section-spacing white-text full-screen-section\" style=\"background-color: #ffffff; background-image: url('https:\/\/galoamarelo.com\/wp-content\/uploads\/2020\/11\/IMG_20201120_133437-scaled.jpg'); background-size: cover; background-position: center top;\" data-label=\"Contatos\" data-id=\"contact-1-mc\" data-export-id=\"contact-1-mc\" data-category=\"contact\" data-parallax-depth=\"20\" data-bullets-visibility=\"true\">\n<div  class=\"gridContainer\">\n<div  class=\"row text-center\">\n<div  class=\"section-title-col\" data-type=\"column\">\n<h1  class=\"\"><span  style=\"font-family: Comic Sans MS, sans-serif;\">Contatos<\/span><\/h1>\n<\/div>\n<\/div>\n<div  class=\"row text-center\">\n<div  class=\"col-xs-12 col-sm-8 col-sm-offset-2 contact-form-wrapper inline-info\">\n<div  class=\"card large-padding\">\n<div  class=\"\" data-content-shortcode=\"mesmerize_contact_form shortcode=&quot;contact-form-7 id=&amp;amp;quot;185&amp;amp;quot; title=&amp;amp;quot;Contact form 1&amp;amp;quot;&quot;\" data-editable=\"true\"><div role=\"form\" class=\"wpcf7\" id=\"wpcf7-f185-o1\" lang=\"en-US\" dir=\"ltr\">\n<div class=\"screen-reader-response\"><p role=\"status\" aria-live=\"polite\" aria-atomic=\"true\"><\/p> <ul><\/ul><\/div>\n<form action=\"\/index.php\/wp-json\/wp\/v2\/pages\/98#wpcf7-f185-o1\" method=\"post\" class=\"wpcf7-form init\" novalidate=\"novalidate\" data-status=\"init\">\n<div style=\"display: none;\">\n<input type=\"hidden\" name=\"_wpcf7\" value=\"185\" \/>\n<input type=\"hidden\" name=\"_wpcf7_version\" value=\"5.3\" \/>\n<input type=\"hidden\" name=\"_wpcf7_locale\" value=\"en_US\" \/>\n<input type=\"hidden\" name=\"_wpcf7_unit_tag\" value=\"wpcf7-f185-o1\" \/>\n<input type=\"hidden\" name=\"_wpcf7_container_post\" value=\"0\" \/>\n<input type=\"hidden\" name=\"_wpcf7_posted_data_hash\" value=\"\" \/>\n<\/div>\n<p><label> Seu nome<br \/>\n    <span class=\"wpcf7-form-control-wrap your-name\"><input type=\"text\" name=\"your-name\" value=\"\" size=\"40\" class=\"wpcf7-form-control wpcf7-text wpcf7-validates-as-required\" aria-required=\"true\" aria-invalid=\"false\" \/><\/span> <\/label><\/p>\n<p><label> Seu email<br \/>\n    <span class=\"wpcf7-form-control-wrap your-email\"><input type=\"email\" name=\"your-email\" value=\"\" size=\"40\" class=\"wpcf7-form-control wpcf7-text wpcf7-email wpcf7-validates-as-required wpcf7-validates-as-email\" aria-required=\"true\" aria-invalid=\"false\" \/><\/span> <\/label><\/p>\n<p><label> Assunto<br \/>\n    <span class=\"wpcf7-form-control-wrap your-subject\"><input type=\"text\" name=\"your-subject\" value=\"\" size=\"40\" class=\"wpcf7-form-control wpcf7-text wpcf7-validates-as-required\" aria-required=\"true\" aria-invalid=\"false\" \/><\/span> <\/label><\/p>\n<p><label> Sua mensagem (optional)<br \/>\n    <span class=\"wpcf7-form-control-wrap your-message\"><textarea name=\"your-message\" cols=\"40\" rows=\"10\" class=\"wpcf7-form-control wpcf7-textarea\" aria-invalid=\"false\"><\/textarea><\/span> <\/label><\/p>\n<p><input type=\"submit\" value=\"Submit\" class=\"wpcf7-form-control wpcf7-submit\" \/><\/p>\n<div class=\"wpcf7-response-output\" aria-hidden=\"true\"><\/div><\/form><\/div><\/div>\n<div  data-content-shortcode=\"mesmerize_contact_form\" data-editable=\"true\"><p style=\"text-align:center;color:#ababab\">Contact form will be displayed here. To activate it you have to set the \"contact form shortcode\" parameter in Customizer.<\/p><\/div>\n<\/div>\n<\/div>\n<\/div>\n<\/div>\n<\/div>","protected":false},"excerpt":{"rendered":"<p>Solu\u00e7\u00f5es criativas em plantio Em 2016 nos mudamos para um s\u00edtio e, com a proximidade da aposentadoria, a ideia de uma nova ocupa\u00e7\u00e3o come\u00e7ou a tomar forma em nossas cabe\u00e7as e cora\u00e7\u00f5es. Fazer algo que pudesse nos reconectar com uma nova profiss\u00e3o e ao mesmo tempo atender a demanda das pessoas por uma vida mais&hellip; <br \/> <a class=\"read-more\" href=\"https:\/\/galoamarelo.com\/\">Leia mais<\/a><\/p>\n","protected":false},"author":1,"featured_media":0,"parent":0,"menu_order":0,"comment_status":"closed","ping_status":"closed","template":"","meta":{"footnotes":""},"class_list":["post-98","page","type-page","status-publish","hentry"],"_links":{"self":[{"href":"https:\/\/galoamarelo.com\/index.php\/wp-json\/wp\/v2\/pages\/98","targetHints":{"allow":["GET"]}}],"collection":[{"href":"https:\/\/galoamarelo.com\/index.php\/wp-json\/wp\/v2\/pages"}],"about":[{"href":"https:\/\/galoamarelo.com\/index.php\/wp-json\/wp\/v2\/types\/page"}],"author":[{"embeddable":true,"href":"https:\/\/galoamarelo.com\/index.php\/wp-json\/wp\/v2\/users\/1"}],"replies":[{"embeddable":true,"href":"https:\/\/galoamarelo.com\/index.php\/wp-json\/wp\/v2\/comments?post=98"}],"version-history":[{"count":74,"href":"https:\/\/galoamarelo.com\/index.php\/wp-json\/wp\/v2\/pages\/98\/revisions"}],"predecessor-version":[{"id":347,"href":"https:\/\/galoamarelo.com\/index.php\/wp-json\/wp\/v2\/pages\/98\/revisions\/347"}],"wp:attachment":[{"href":"https:\/\/galoamarelo.com\/index.php\/wp-json\/wp\/v2\/media?parent=98"}],"curies":[{"name":"wp","href":"https:\/\/api.w.org\/{rel}","templated":true}]}}